{"id":2116,"date":"2022-12-15T19:23:29","date_gmt":"2022-12-15T18:23:29","guid":{"rendered":"https:\/\/astroissy.fr\/?page_id=2116"},"modified":"2025-08-17T19:45:45","modified_gmt":"2025-08-17T17:45:45","slug":"lequipe","status":"publish","type":"page","link":"https:\/\/astroissy.fr\/index.php\/lequipe\/","title":{"rendered":"L&rsquo;\u00e9quipe"},"content":{"rendered":"","protected":false},"excerpt":{"rendered":"","protected":false},"author":1,"featured_media":0,"parent":0,"menu_order":0,"comment_status":"closed","ping_status":"closed","template":"","meta":{"footnotes":""},"class_list":["post-2116","page","type-page","status-publish","hentry"],"yoast_head":"<!-- This site is optimized with the Yoast SEO plugin v27.4 - https:\/\/yoast.com\/product\/yoast-seo-wordpress\/ -->\n<title>L&#039;\u00e9quipe - AST Roissy<\/title>\n<meta name=\"description\" content=\"Voici la liste des membres \u00e9lus 2022 du nouveau bureau de l&#039;AST Roissy pour les 4 prochaines ann\u00e9es \u00e0 venir.\" \/>\n<meta name=\"robots\" content=\"index, follow, max-snippet:-1, max-image-preview:large, max-video-preview:-1\" \/>\n<link rel=\"canonical\" href=\"https:\/\/astroissy.fr\/index.php\/lequipe\/\" \/>\n<meta property=\"og:locale\" content=\"fr_FR\" \/>\n<meta property=\"og:type\" content=\"article\" \/>\n<meta property=\"og:title\" content=\"L&#039;\u00e9quipe - AST Roissy\" \/>\n<meta property=\"og:description\" content=\"Voici la liste des membres \u00e9lus 2022 du nouveau bureau de l&#039;AST Roissy pour les 4 prochaines ann\u00e9es \u00e0 venir.\" \/>\n<meta property=\"og:url\" content=\"https:\/\/astroissy.fr\/index.php\/lequipe\/\" \/>\n<meta property=\"og:site_name\" content=\"AST Roissy\" \/>\n<meta property=\"article:modified_time\" content=\"2025-08-17T17:45:45+00:00\" \/>\n<meta name=\"twitter:card\" content=\"summary_large_image\" \/>\n<script type=\"application\/ld+json\" class=\"yoast-schema-graph\">{\"@context\":\"https:\\\/\\\/schema.org\",\"@graph\":[{\"@type\":\"WebPage\",\"@id\":\"https:\\\/\\\/astroissy.fr\\\/index.php\\\/lequipe\\\/\",\"url\":\"https:\\\/\\\/astroissy.fr\\\/index.php\\\/lequipe\\\/\",\"name\":\"L'\u00e9quipe - AST Roissy\",\"isPartOf\":{\"@id\":\"https:\\\/\\\/astroissy.fr\\\/#website\"},\"datePublished\":\"2022-12-15T18:23:29+00:00\",\"dateModified\":\"2025-08-17T17:45:45+00:00\",\"description\":\"Voici la liste des membres \u00e9lus 2022 du nouveau bureau de l'AST Roissy pour les 4 prochaines ann\u00e9es \u00e0 venir.\",\"breadcrumb\":{\"@id\":\"https:\\\/\\\/astroissy.fr\\\/index.php\\\/lequipe\\\/#breadcrumb\"},\"inLanguage\":\"fr-FR\",\"potentialAction\":[{\"@type\":\"ReadAction\",\"target\":[\"https:\\\/\\\/astroissy.fr\\\/index.php\\\/lequipe\\\/\"]}]},{\"@type\":\"BreadcrumbList\",\"@id\":\"https:\\\/\\\/astroissy.fr\\\/index.php\\\/lequipe\\\/#breadcrumb\",\"itemListElement\":[{\"@type\":\"ListItem\",\"position\":1,\"name\":\"Accueil\",\"item\":\"https:\\\/\\\/astroissy.fr\\\/\"},{\"@type\":\"ListItem\",\"position\":2,\"name\":\"L&rsquo;\u00e9quipe\"}]},{\"@type\":\"WebSite\",\"@id\":\"https:\\\/\\\/astroissy.fr\\\/#website\",\"url\":\"https:\\\/\\\/astroissy.fr\\\/\",\"name\":\"AST Roissy\",\"description\":\"Tir de Comp\u00e9tition, Loisir, Ecole de Tir enfants\",\"publisher\":{\"@id\":\"https:\\\/\\\/astroissy.fr\\\/#organization\"},\"potentialAction\":[{\"@type\":\"SearchAction\",\"target\":{\"@type\":\"EntryPoint\",\"urlTemplate\":\"https:\\\/\\\/astroissy.fr\\\/?s={search_term_string}\"},\"query-input\":{\"@type\":\"PropertyValueSpecification\",\"valueRequired\":true,\"valueName\":\"search_term_string\"}}],\"inLanguage\":\"fr-FR\"},{\"@type\":\"Organization\",\"@id\":\"https:\\\/\\\/astroissy.fr\\\/#organization\",\"name\":\"Association Sportive de Tir de Roissy en France\",\"url\":\"https:\\\/\\\/astroissy.fr\\\/\",\"logo\":{\"@type\":\"ImageObject\",\"inLanguage\":\"fr-FR\",\"@id\":\"https:\\\/\\\/astroissy.fr\\\/#\\\/schema\\\/logo\\\/image\\\/\",\"url\":\"https:\\\/\\\/astroissy.fr\\\/wp-content\\\/uploads\\\/2018\\\/05\\\/cropped-Logo251x300-e1525167134668.jpg\",\"contentUrl\":\"https:\\\/\\\/astroissy.fr\\\/wp-content\\\/uploads\\\/2018\\\/05\\\/cropped-Logo251x300-e1525167134668.jpg\",\"width\":512,\"height\":512,\"caption\":\"Association Sportive de Tir de Roissy en France\"},\"image\":{\"@id\":\"https:\\\/\\\/astroissy.fr\\\/#\\\/schema\\\/logo\\\/image\\\/\"}}]}<\/script>\n<!-- \/ Yoast SEO plugin. -->","yoast_head_json":{"title":"L'\u00e9quipe - AST Roissy","description":"Voici la liste des membres \u00e9lus 2022 du nouveau bureau de l'AST Roissy pour les 4 prochaines ann\u00e9es \u00e0 venir.","robots":{"index":"index","follow":"follow","max-snippet":"max-snippet:-1","max-image-preview":"max-image-preview:large","max-video-preview":"max-video-preview:-1"},"canonical":"https:\/\/astroissy.fr\/index.php\/lequipe\/","og_locale":"fr_FR","og_type":"article","og_title":"L'\u00e9quipe - AST Roissy","og_description":"Voici la liste des membres \u00e9lus 2022 du nouveau bureau de l'AST Roissy pour les 4 prochaines ann\u00e9es \u00e0 venir.","og_url":"https:\/\/astroissy.fr\/index.php\/lequipe\/","og_site_name":"AST Roissy","article_modified_time":"2025-08-17T17:45:45+00:00","twitter_card":"summary_large_image","schema":{"@context":"https:\/\/schema.org","@graph":[{"@type":"WebPage","@id":"https:\/\/astroissy.fr\/index.php\/lequipe\/","url":"https:\/\/astroissy.fr\/index.php\/lequipe\/","name":"L'\u00e9quipe - AST Roissy","isPartOf":{"@id":"https:\/\/astroissy.fr\/#website"},"datePublished":"2022-12-15T18:23:29+00:00","dateModified":"2025-08-17T17:45:45+00:00","description":"Voici la liste des membres \u00e9lus 2022 du nouveau bureau de l'AST Roissy pour les 4 prochaines ann\u00e9es \u00e0 venir.","breadcrumb":{"@id":"https:\/\/astroissy.fr\/index.php\/lequipe\/#breadcrumb"},"inLanguage":"fr-FR","potentialAction":[{"@type":"ReadAction","target":["https:\/\/astroissy.fr\/index.php\/lequipe\/"]}]},{"@type":"BreadcrumbList","@id":"https:\/\/astroissy.fr\/index.php\/lequipe\/#breadcrumb","itemListElement":[{"@type":"ListItem","position":1,"name":"Accueil","item":"https:\/\/astroissy.fr\/"},{"@type":"ListItem","position":2,"name":"L&rsquo;\u00e9quipe"}]},{"@type":"WebSite","@id":"https:\/\/astroissy.fr\/#website","url":"https:\/\/astroissy.fr\/","name":"AST Roissy","description":"Tir de Comp\u00e9tition, Loisir, Ecole de Tir enfants","publisher":{"@id":"https:\/\/astroissy.fr\/#organization"},"potentialAction":[{"@type":"SearchAction","target":{"@type":"EntryPoint","urlTemplate":"https:\/\/astroissy.fr\/?s={search_term_string}"},"query-input":{"@type":"PropertyValueSpecification","valueRequired":true,"valueName":"search_term_string"}}],"inLanguage":"fr-FR"},{"@type":"Organization","@id":"https:\/\/astroissy.fr\/#organization","name":"Association Sportive de Tir de Roissy en France","url":"https:\/\/astroissy.fr\/","logo":{"@type":"ImageObject","inLanguage":"fr-FR","@id":"https:\/\/astroissy.fr\/#\/schema\/logo\/image\/","url":"https:\/\/astroissy.fr\/wp-content\/uploads\/2018\/05\/cropped-Logo251x300-e1525167134668.jpg","contentUrl":"https:\/\/astroissy.fr\/wp-content\/uploads\/2018\/05\/cropped-Logo251x300-e1525167134668.jpg","width":512,"height":512,"caption":"Association Sportive de Tir de Roissy en France"},"image":{"@id":"https:\/\/astroissy.fr\/#\/schema\/logo\/image\/"}}]}},"_links":{"self":[{"href":"https:\/\/astroissy.fr\/index.php\/wp-json\/wp\/v2\/pages\/2116","targetHints":{"allow":["GET"]}}],"collection":[{"href":"https:\/\/astroissy.fr\/index.php\/wp-json\/wp\/v2\/pages"}],"about":[{"href":"https:\/\/astroissy.fr\/index.php\/wp-json\/wp\/v2\/types\/page"}],"author":[{"embeddable":true,"href":"https:\/\/astroissy.fr\/index.php\/wp-json\/wp\/v2\/users\/1"}],"replies":[{"embeddable":true,"href":"https:\/\/astroissy.fr\/index.php\/wp-json\/wp\/v2\/comments?post=2116"}],"version-history":[{"count":1,"href":"https:\/\/astroissy.fr\/index.php\/wp-json\/wp\/v2\/pages\/2116\/revisions"}],"predecessor-version":[{"id":2117,"href":"https:\/\/astroissy.fr\/index.php\/wp-json\/wp\/v2\/pages\/2116\/revisions\/2117"}],"wp:attachment":[{"href":"https:\/\/astroissy.fr\/index.php\/wp-json\/wp\/v2\/media?parent=2116"}],"curies":[{"name":"wp","href":"https:\/\/api.w.org\/{rel}","templated":true}]}}